   {"id":132,"date":"2024-02-20T06:35:25","date_gmt":"2024-02-20T05:35:25","guid":{"rendered":"https:\/\/rf.gov.pl\/akademia\/polityka-prywatnosci\/"},"modified":"2024-05-23T07:53:29","modified_gmt":"2024-05-23T05:53:29","slug":"polityka-prywatnosci","status":"publish","type":"page","link":"https:\/\/rf.gov.pl\/akademia\/polityka-prywatnosci\/","title":{"rendered":"Polityka prywatno\u015bci"},"content":{"rendered":"\n<p>Administratorem Danych Osobowych jest Rzecznik Finansowy z siedzib\u0105 w Warszawie ul. Nowogrodzka 47A, 00-695 w Warszawie. Administrator wyznaczy\u0142 Inspektora Ochrony Danych, z kt\u00f3rym mo\u017cna kontaktowa\u0107 si\u0119 pisemnie pod adresem e-mail:&nbsp;<a href=\"mailto:iod@rf.gov.pl\" class=\"\">iod@rf.gov.pl<\/a><\/p>\n\n\n\n<p>Rzecznik Finansowy zbiera Twoje dane osobowe w konkretnych, wyra\u017anych i prawnie uzasadnionych celach realizacji ustawowych zada\u0144 okre\u015blonych m.in. w przepisach ustawy o rozpatrywaniu reklamacji przez podmioty rynku finansowego i o Rzeczniku Finansowym (art. 6 ust. 1 lit. c, lit. e i art. 9 ust. 2 lit. g RODO). Przetwarza Twoje dane zgodnie z prawem, rzetelnie i w spos\u00f3b przejrzysty. Ogranicza ilo\u015b\u0107 zbieranych danych osobowych do niezb\u0119dnych. Dok\u0142ada stara\u0144, \u017ceby Twoje dane by\u0142y prawid\u0142owe. Przechowuje Twoje dane osobowe w okresie nie d\u0142u\u017cszym ni\u017c niezb\u0119dny do realizacji cel\u00f3w. Zapewnia integralno\u015b\u0107 i poufno\u015b\u0107 Twoich danych. Nie przetwarza Twoich danych osobowych w spos\u00f3b zautomatyzowany.<\/p>\n\n\n\n<p>Ka\u017cdej osobie przys\u0142uguje prawo dost\u0119pu do danych osobowych, prawo \u017c\u0105dania sprostowania, prawo \u017c\u0105dania usuni\u0119cia, prawo \u017c\u0105dania ograniczenia przetwarzania jego danych osobowych. Osoba, kt\u00f3rej dane dotycz\u0105 ma prawo do sprzeciwu wobec przetwarzania danych ze wzgl\u0119du na szczeg\u00f3ln\u0105 sytuacj\u0119, je\u017celi jej dane s\u0105 przetwarzane w oparciu o np. art. 6 ust. 1 lit. e RODO. Ka\u017cdej osobie przys\u0142uguje r\u00f3wnie\u017c prawo do wniesienia skargi do Prezesa Urz\u0119du Ochrony Danych Osobowych.<\/p>\n\n\n\n<p>Bardziej szczeg\u00f3\u0142owe informacje dotycz\u0105ce przetwarzania danych dost\u0119pne poni\u017cej.<\/p>\n\n\n\n\n\n<div class=\"\">\n\n  \n  <div class=\"download\">\n    <ul>\n      \n      <li\n        class=\"col-xxl-12 col-xl-12 col-lg-12 col-md-12 col-sm-12 main_sec \">\n        <a href=\"https:\/\/rf.gov.pl\/akademia\/wp-content\/uploads\/sites\/2\/2024\/05\/Klauzule-informacyjne-dzialania-edukacyjne-1-2.pdf\" title=\"Informacje dotycz\u0105ce przetwarzania danych w ramach dzia\u0142a\u0144 edukacyjnych\" download> <img decoding=\"async\"\n            src=\"https:\/\/rf.gov.pl\/akademia\/wp-content\/themes\/rfmain\/images\/download-file 1.svg\" alt=\"\">\n          <div class=\"disc\"> <strong>Informacje dotycz\u0105ce przetwarzania danych w ramach dzia\u0142a\u0144 edukacyjnych <\/strong> (PDF ,\n            0.32 MB)<\/div>\n        <\/a><\/li>\n\n      \n      \n\n      \n    <\/ul>\n  <\/div>\n\n<\/div>\n\n\n\n","protected":false},"excerpt":{"rendered":"<p>Administratorem Danych Osobowych jest Rzecznik Finansowy z siedzib\u0105 w Warszawie ul. Nowogrodzka 47A, 00-695 w Warszawie. Administrator wyznaczy\u0142 Inspektora Ochrony Danych, z kt\u00f3rym mo\u017cna kontaktowa\u0107 si\u0119 pisemnie pod adresem e-mail:&nbsp;iod@rf.gov.pl Rzecznik Finansowy zbiera Twoje dane osobowe w konkretnych, wyra\u017anych i prawnie uzasadnionych celach realizacji ustawowych zada\u0144 okre\u015blonych m.in. w przepisach ustawy o rozpatrywaniu reklamacji przez [&hellip;]<\/p>\n","protected":false},"author":1,"featured_media":0,"parent":0,"menu_order":0,"comment_status":"closed","ping_status":"closed","template":"page-templates\/template-inner-page.php","meta":{"_acf_changed":false,"inline_featured_image":false,"footnotes":"","_links_to":"","_links_to_target":""},"class_list":["post-132","page","type-page","status-publish","hentry"],"acf":[],"_links":{"self":[{"href":"https:\/\/rf.gov.pl\/akademia\/wp-json\/wp\/v2\/pages\/132","targetHints":{"allow":["GET"]}}],"collection":[{"href":"https:\/\/rf.gov.pl\/akademia\/wp-json\/wp\/v2\/pages"}],"about":[{"href":"https:\/\/rf.gov.pl\/akademia\/wp-json\/wp\/v2\/types\/page"}],"author":[{"embeddable":true,"href":"https:\/\/rf.gov.pl\/akademia\/wp-json\/wp\/v2\/users\/1"}],"replies":[{"embeddable":true,"href":"https:\/\/rf.gov.pl\/akademia\/wp-json\/wp\/v2\/comments?post=132"}],"version-history":[{"count":4,"href":"https:\/\/rf.gov.pl\/akademia\/wp-json\/wp\/v2\/pages\/132\/revisions"}],"predecessor-version":[{"id":929,"href":"https:\/\/rf.gov.pl\/akademia\/wp-json\/wp\/v2\/pages\/132\/revisions\/929"}],"wp:attachment":[{"href":"https:\/\/rf.gov.pl\/akademia\/wp-json\/wp\/v2\/media?parent=132"}],"curies":[{"name":"wp","href":"https:\/\/api.w.org\/{rel}","templated":true}]}}