   {"id":136,"date":"2024-02-07T06:58:45","date_gmt":"2024-02-07T05:58:45","guid":{"rendered":"https:\/\/rf.gov.pl\/akademia\/aktualnosci\/"},"modified":"2024-07-07T22:27:00","modified_gmt":"2024-07-07T20:27:00","slug":"aktualnosci","status":"publish","type":"page","link":"https:\/\/rf.gov.pl\/akademia\/aktualnosci\/","title":{"rendered":"Aktualno\u015bci"},"content":{"rendered":"\n\n<div class=\"row\">\n    <div class=\"col-xxl-12\">\n        <form action=\"https:\/\/rf.gov.pl\/akademia\/aktualnosci\/\" id=\"cat_filter_form\">\n        <fieldset>\n            <div class=\"finance_form_sec\">\n                <div class=\"form_right\">\n                    <div class=\"row\">\n                        <div class=\"col-xxl-9 col-xl-12 col-lg-12 col-md-12 col-sm-12\">\n\n                            <div class=\"row\">\n\n                                <div class=\"col-xxl-12 col-xl-12 col-lg-12 col-md-12 col-sm-12\">\n                                    <legend>Filtrowanie wynik\u00f3w:<\/legend><\/div>\n\n                                <div class=\"col-xxl-12 col-xl-12 col-lg-12 col-md-12 col-sm-12\">\n                                    <div class=\"finance_form\">\n                                        <ul>\n                                            <li class=\"finance_form2 news_form2\">\n                                                <label for=\"key\"\n                                                    class=\"sr-only\">Wpisz szukan\u0105 fraz\u0119<\/label>\n                                                <input type=\"text\" class=\"form-control\" id=\"key\" name=\"key\"\n                                                    value=\"\"\n                                                    placeholder=\"Wpisz szukan\u0105 fraz\u0119\">\n                                            <\/li>\n\n                                            <li class=\"finance_form3 news_form25\">\n                                                <label for=\"od_date\"\n                                                    class=\"sr-only\">Data publikacji od<\/label>\n                                                <input type=\"text\" class=\"form-control datepicker\" name=\"od_date\"\n                                                    id=\"od_date\"\n                                                    value=\"\"\n                                                    placeholder=\"Data publikacji od\">\n                                            <\/li>\n\n                                            <li class=\"finance_form3 news_form25\">\n                                                <label for=\"do_date\"\n                                                    class=\"sr-only\">Data publikacji do<\/label>\n                                                <input type=\"text\" class=\"form-control datepicker\" name=\"do_date\"\n                                                    id=\"do_date\"\n                                                    value=\"\"\n                                                    placeholder=\"Data publikacji do\">\n\n                                            <\/li>\n\n                                            <li class=\"finance_form4 news_form25 right\">\n\n                                                <button type=\"submit\"\n                                                    class=\"btn btn-primary finance_praca finance_praca1\">Filtruj                                                    <img decoding=\"async\" src=\"https:\/\/rf.gov.pl\/akademia\/wp-content\/themes\/rfmain\/images\/right.svg\"\n                                                        alt=\"\"><\/button>\n\n                                            <\/li>\n\n                                        <\/ul>\n                                    <\/div>\n                                <\/div>\n                            <\/div>\n                        <\/div>\n                        <div class=\"col-xxl-3 col-xl-6 col-lg-12 col-md-12 col-sm-12 finance_form_right\">\n\n                            <div class=\"row\">\n\n                                <div class=\"col-xxl-12 col-xl-12 col-lg-12 col-md-12 col-sm-12\">\n                                    Sortuj wed\u0142ug::<\/div>\n\n                                <div class=\"col-xxl-12 col-xl-12 col-lg-12 col-md-12 col-sm-12\">\n                                    <div class=\"finance_form\">\n                                        <ul>\n\n                                            <li class=\"finance_form6 news_form61\">\n                                                <select class=\"form-select\" name=\"sort\" id=\"sort_filter_select\"\n                                                    aria-label=\"Sortuj: od najbli\u017cszych\">\n                                                                                                        <option value=\"desc\"                                                         selected >\n                                                        Najnowsze                                                    <\/option>\n                                                                                                        <option value=\"asc\" >\n                                                        Najstarsze                                                    <\/option>\n                                                                                                    <\/select>\n                                            <\/li>\n\n                                        <\/ul>\n                                    <\/div>\n                                <\/div>\n                            <\/div>\n                        <\/div>\n                    <\/div>\n                <\/div>\n            <\/div>\n            <input type=\"hidden\" name=\"cat\" id=\"cat\" value=\"aktualnosci\">\n            <input type=\"hidden\" name=\"ptags\" id=\"ptags\" value=\"\">\n<\/fieldset>\n        <\/form>\n\n    <\/div>\n<\/div>\n\n\n<div class=\"space24\"><\/div>\n\n\n\n<div class=\"tags\">\n\n    Kluczowe tagi:\n\n    <div class=\"space24\"><\/div>\n    <div class=\"clr\"><\/div>\n\n    \n    \n        <!--\n  <button type=\"button\" class=\"btn btn-outline-primary   btnNewsTags\"\n    data-tags=\"\"><\/button>\n-->\n    \n\n    \n\n    <p>\n\n        \n        \n        \n        <button type=\"button\" class=\"btn btn-outline-primary   btnNewsTags\"\n            data-tags=\"akademia-rzecznika-finansowego\">Akademia Rzecznika Finansowego<\/button>\n\n                \n        \n        \n        <button type=\"button\" class=\"btn btn-outline-primary   btnNewsTags\"\n            data-tags=\"arf\">ARF<\/button>\n\n                \n        \n        \n        <button type=\"button\" class=\"btn btn-outline-primary   btnNewsTags\"\n            data-tags=\"edukacja\">edukacja<\/button>\n\n                \n        \n        \n        <button type=\"button\" class=\"btn btn-outline-primary   btnNewsTags\"\n            data-tags=\"konferencja-rzecznika-finansowego\">Konferencja Rzecznika Finansowego<\/button>\n\n                \n        \n        \n        <button type=\"button\" class=\"btn btn-outline-primary   btnNewsTags\"\n            data-tags=\"kredyt\">kredyt<\/button>\n\n                \n        \n        \n        <button type=\"button\" class=\"btn btn-outline-primary   btnNewsTags\"\n            data-tags=\"kredyt-konsumencki\">kredyt konsumencki<\/button>\n\n                \n        \n                \n        \n                \n        \n                \n        \n                \n        \n                \n        \n                \n        \n                \n        \n                \n        \n                \n\n\n        \n<\/div>\n\n\n\n\n\n<div class=\"news news_sub\">\n    <div class=\"row\">\n                <div\n            class=\"col-xxl-4 col-xl-4 col-lg-12 col-md-4 col-sm-4 main_sec\">\n            <div class=\"news_box main_sec_box\">\n                <div class=\"news_box_img\"><img decoding=\"async\" src=\"https:\/\/rf.gov.pl\/akademia\/wp-content\/uploads\/sites\/2\/2025\/03\/ARF25.png\" alt=\"\"><\/div>\n                <div class=\"news_box_text\">\n                    <div class=\"news_datte\">18 marca 2025 <\/div>\n                    <div class=\"heading\">Rozpoczynamy nab\u00f3r do\u00a0kolejnych edycji Akademii Rzecznika Finansowego<\/div>\n\n                                        <button type=\"button\"\n                        class=\"btn btn-outline-primary\">Akademia Rzecznika Finansowego<\/button><button type=\"button\"\n                        class=\"btn btn-outline-primary\">ARF<\/button><button type=\"button\"\n                        class=\"btn btn-outline-primary\">edukacja<\/button>\n\n\n\n                <\/div>\n            <\/div>\n            <div class=\"news_more\">\n                <a href=\"https:\/\/rf.gov.pl\/akademia\/rozpoczynamy-nabor-do-kolejnych-edycji-akademii-rzecznika-finansowego\/\" class=\"news_but\" title=\"Rozpoczynamy nab\u00f3r do\u00a0kolejnych edycji Akademii Rzecznika Finansowego\">CZYTAJ WI\u0118CEJ <i\n                        class=\"fa-solid fa-arrow-right\"><\/i> <\/a>\n            <\/div>\n        <\/div>\n\n                <div\n            class=\"col-xxl-4 col-xl-4 col-lg-12 col-md-4 col-sm-4 main_sec\">\n            <div class=\"news_box main_sec_box\">\n                <div class=\"news_box_img\"><img decoding=\"async\" src=\"https:\/\/rf.gov.pl\/akademia\/wp-content\/uploads\/sites\/2\/2024\/12\/MINIATURA.png\" alt=\"\"><\/div>\n                <div class=\"news_box_text\">\n                    <div class=\"news_datte\">20 grudnia 2024 <\/div>\n                    <div class=\"heading\">Podsumowanie konferencji \u201eRynek konsumenckich us\u0142ug kredytowych w\u00a0Polsce\u201d<\/div>\n\n                                        <button type=\"button\"\n                        class=\"btn btn-outline-primary\">Konferencja Rzecznika Finansowego<\/button><button type=\"button\"\n                        class=\"btn btn-outline-primary\">kredyt<\/button><button type=\"button\"\n                        class=\"btn btn-outline-primary\">kredyt konsumencki<\/button>\n\n\n\n                <\/div>\n            <\/div>\n            <div class=\"news_more\">\n                <a href=\"https:\/\/rf.gov.pl\/akademia\/podsumowanie-konferencji-rynek-konsumenckich-uslug-kredytowych-w-polsce\/\" class=\"news_but\" title=\"Podsumowanie konferencji \u201eRynek konsumenckich us\u0142ug kredytowych w\u00a0Polsce\u201d\">CZYTAJ WI\u0118CEJ <i\n                        class=\"fa-solid fa-arrow-right\"><\/i> <\/a>\n            <\/div>\n        <\/div>\n\n                <div\n            class=\"col-xxl-4 col-xl-4 col-lg-12 col-md-4 col-sm-4 main_sec\">\n            <div class=\"news_box main_sec_box\">\n                <div class=\"news_box_img\"><img decoding=\"async\" src=\"https:\/\/rf.gov.pl\/akademia\/wp-content\/uploads\/sites\/2\/2024\/12\/2.jpg\" alt=\"\"><\/div>\n                <div class=\"news_box_text\">\n                    <div class=\"news_datte\">19 grudnia 2024 <\/div>\n                    <div class=\"heading\">Uroczysto\u015b\u0107 wr\u0119czenia nagr\u00f3d w\u00a0VII Konkursie o\u00a0Nagrod\u0119 Rzecznika Finansowego za\u00a0najlepsz\u0105 rozpraw\u0119 habilitacyjn\u0105 i\u00a0doktorsk\u0105 oraz\u00a0prac\u0119 magistersk\u0105 i\u00a0licencjack\u0105 z\u00a0zakresu ochrony klienta na\u00a0rynku finansowym<\/div>\n\n                    \n\n\n\n                <\/div>\n            <\/div>\n            <div class=\"news_more\">\n                <a href=\"https:\/\/rf.gov.pl\/akademia\/uroczystosc-wreczenia-nagrod-w-vii-konkursie-o-nagrode-rzecznika-finansowego-za-najlepsza-rozprawe-habilitacyjna-i-doktorska-oraz-prace-magisterska-i-licencjacka-z-z\/\" class=\"news_but\" title=\"Uroczysto\u015b\u0107 wr\u0119czenia nagr\u00f3d w\u00a0VII Konkursie o\u00a0Nagrod\u0119 Rzecznika Finansowego za\u00a0najlepsz\u0105 rozpraw\u0119 habilitacyjn\u0105 i\u00a0doktorsk\u0105 oraz\u00a0prac\u0119 magistersk\u0105 i\u00a0licencjack\u0105 z\u00a0zakresu ochrony klienta na\u00a0rynku finansowym\">CZYTAJ WI\u0118CEJ <i\n                        class=\"fa-solid fa-arrow-right\"><\/i> <\/a>\n            <\/div>\n        <\/div>\n\n                <div\n            class=\"col-xxl-4 col-xl-4 col-lg-12 col-md-4 col-sm-4 main_sec\">\n            <div class=\"news_box main_sec_box\">\n                <div class=\"news_box_img\"><img decoding=\"async\" src=\"https:\/\/rf.gov.pl\/akademia\/wp-content\/uploads\/sites\/2\/2024\/12\/W2-scaled-1.jpg\" alt=\"\"><\/div>\n                <div class=\"news_box_text\">\n                    <div class=\"news_datte\">16 grudnia 2024 <\/div>\n                    <div class=\"heading\">Dni Rzecznika Finansowego we Wroc\u0142awiu<\/div>\n\n                    \n\n\n\n                <\/div>\n            <\/div>\n            <div class=\"news_more\">\n                <a href=\"https:\/\/rf.gov.pl\/akademia\/dni-rzecznika-finansowego-we-wroclawiu\/\" class=\"news_but\" title=\"Dni Rzecznika Finansowego we Wroc\u0142awiu\">CZYTAJ WI\u0118CEJ <i\n                        class=\"fa-solid fa-arrow-right\"><\/i> <\/a>\n            <\/div>\n        <\/div>\n\n                <div\n            class=\"col-xxl-4 col-xl-4 col-lg-12 col-md-4 col-sm-4 main_sec\">\n            <div class=\"news_box main_sec_box\">\n                <div class=\"news_box_img\"><img decoding=\"async\" src=\"https:\/\/rf.gov.pl\/akademia\/wp-content\/uploads\/sites\/2\/2024\/11\/trophy-8676528_1280.jpg\" alt=\"\"><\/div>\n                <div class=\"news_box_text\">\n                    <div class=\"news_datte\">27 listopada 2024 <\/div>\n                    <div class=\"heading\">Rozstrzygni\u0119cie VII Konkursu o Nagrod\u0119 Rzecznika Finansowego za najlepsz\u0105 rozpraw\u0119 habilitacyjn\u0105 i doktorsk\u0105\u00a0 oraz prac\u0119 magistersk\u0105 i licencjack\u0105<\/div>\n\n                    \n\n\n\n                <\/div>\n            <\/div>\n            <div class=\"news_more\">\n                <a href=\"https:\/\/rf.gov.pl\/akademia\/rozstrzygniecie-vii-konkursu-o-nagrode-rzecznika-finansowego-za-najlepsza-rozprawe-habilitacyjna-i-doktorska-oraz-prace-magisterska-i-licencjacka\/\" class=\"news_but\" title=\"Rozstrzygni\u0119cie VII Konkursu o Nagrod\u0119 Rzecznika Finansowego za najlepsz\u0105 rozpraw\u0119 habilitacyjn\u0105 i doktorsk\u0105\u00a0 oraz prac\u0119 magistersk\u0105 i licencjack\u0105\">CZYTAJ WI\u0118CEJ <i\n                        class=\"fa-solid fa-arrow-right\"><\/i> <\/a>\n            <\/div>\n        <\/div>\n\n                <div\n            class=\"col-xxl-4 col-xl-4 col-lg-12 col-md-4 col-sm-4 main_sec\">\n            <div class=\"news_box main_sec_box\">\n                <div class=\"news_box_img\"><img decoding=\"async\" src=\"https:\/\/rf.gov.pl\/akademia\/wp-content\/uploads\/sites\/2\/2024\/11\/Poznan-6-1.jpg\" alt=\"\"><\/div>\n                <div class=\"news_box_text\">\n                    <div class=\"news_datte\">26 listopada 2024 <\/div>\n                    <div class=\"heading\">Dni Rzecznika Finansowego na Uniwersytecie Ekonomicznym w Poznaniu<\/div>\n\n                    \n\n\n\n                <\/div>\n            <\/div>\n            <div class=\"news_more\">\n                <a href=\"https:\/\/rf.gov.pl\/akademia\/dni-rzecznika-finansowego-na-uniwersytecie-ekonomicznym-w-poznaniu\/\" class=\"news_but\" title=\"Dni Rzecznika Finansowego na Uniwersytecie Ekonomicznym w Poznaniu\">CZYTAJ WI\u0118CEJ <i\n                        class=\"fa-solid fa-arrow-right\"><\/i> <\/a>\n            <\/div>\n        <\/div>\n\n        \n\n        <nav aria-label=\"Nawigacja po stronie\">\r\n\t\t\t\r\n\t\t\t<ul class=\"pagination\"><li class=\"page-item\"><span class=\"but_next page-link no_bg previous empty\"><img decoding=\"async\" src=\"https:\/\/rf.gov.pl\/akademia\/wp-content\/themes\/rfmain\/images\/page_left.svg\" alt=\"wi\u0119cej\"><\/span><\/li><li class=\"page-item\"><span aria-current=\"page\" class=\"page-link  active\">1<\/span><\/li><li class=\"page-item\"><a class=\"page-link\" aria-label=\"2. strona \" href=\"https:\/\/rf.gov.pl\/akademia\/wp-json\/wp\/v2\/pages\/136\/page\/2\/\">2<\/a><\/li><li class=\"page-item\"><a class=\"no_bg page-link but_next\" aria-label=\"Nast\u0119pna strona \" href=\"https:\/\/rf.gov.pl\/akademia\/wp-json\/wp\/v2\/pages\/136\/page\/2\/\">&#8230;<\/a><\/li><li class=\"page-item\"><a class=\"page-link\" aria-label=\"4. strona \" href=\"https:\/\/rf.gov.pl\/akademia\/wp-json\/wp\/v2\/pages\/136\/page\/4\/\">4<\/a><\/li><li class=\"page-item\"><a class=\"no_bg page-link but_next\" aria-label=\"Nast\u0119pna strona \" href=\"https:\/\/rf.gov.pl\/akademia\/wp-json\/wp\/v2\/pages\/136\/page\/2\/\"><img decoding=\"async\" src=\"https:\/\/rf.gov.pl\/akademia\/wp-content\/themes\/rfmain\/images\/page_right.svg\" alt=\"wi\u0119cej\"><\/a><\/li><\/ul>\r\n\r\n\t\t<\/nav>\n\n        <div class=\"col-xxl-12 slide_but\">\n            <a href=\"#\" class=\"but-prev\"><i class=\"fa-solid fa-arrow-left\"><\/i><\/a> <a href=\"#\" class=\"but-prev\"><i\n                    class=\"fa-solid fa-arrow-right\"><\/i><\/a>\n            <br>\n            <br>\n            <a href=\"#\" class=\"news_but\">Wszystkie komunikaty <i\n                    class=\"fa-solid fa-arrow-right\"><\/i>\n            <\/a>\n\n        <\/div>\n\n    <\/div>\n<\/div>\n\n\n\n\n<div class=\"paging not_for_mobile\">\n    \n\n<\/div>\n\n\n\n","protected":false},"excerpt":{"rendered":"<p>W zak\u0142adce &#8220;Aktualno\u015bci&#8221; prezentujemy najnowsze informacje dotycz\u0105ce dzia\u0142alno\u015bci edukacyjnej i badawczej Biura Rzecznika Finansowego.<\/p>\n<p>B\u0105d\u017a na bie\u017c\u0105co z doniesieniami w zakresie regulacji prawnych, poradami naszych ekspert\u00f3w oraz aktualno\u015bciami ze \u015bwiata finans\u00f3w.<\/p>\n","protected":false},"author":1,"featured_media":251,"parent":0,"menu_order":0,"comment_status":"closed","ping_status":"closed","template":"page-templates\/template-inner-page.php","meta":{"_acf_changed":false,"inline_featured_image":false,"footnotes":"","_links_to":"","_links_to_target":""},"class_list":["post-136","page","type-page","status-publish","has-post-thumbnail","hentry"],"acf":[],"_links":{"self":[{"href":"https:\/\/rf.gov.pl\/akademia\/wp-json\/wp\/v2\/pages\/136","targetHints":{"allow":["GET"]}}],"collection":[{"href":"https:\/\/rf.gov.pl\/akademia\/wp-json\/wp\/v2\/pages"}],"about":[{"href":"https:\/\/rf.gov.pl\/akademia\/wp-json\/wp\/v2\/types\/page"}],"author":[{"embeddable":true,"href":"https:\/\/rf.gov.pl\/akademia\/wp-json\/wp\/v2\/users\/1"}],"replies":[{"embeddable":true,"href":"https:\/\/rf.gov.pl\/akademia\/wp-json\/wp\/v2\/comments?post=136"}],"version-history":[{"count":25,"href":"https:\/\/rf.gov.pl\/akademia\/wp-json\/wp\/v2\/pages\/136\/revisions"}],"predecessor-version":[{"id":1188,"href":"https:\/\/rf.gov.pl\/akademia\/wp-json\/wp\/v2\/pages\/136\/revisions\/1188"}],"wp:featuredmedia":[{"embeddable":true,"href":"https:\/\/rf.gov.pl\/akademia\/wp-json\/wp\/v2\/media\/251"}],"wp:attachment":[{"href":"https:\/\/rf.gov.pl\/akademia\/wp-json\/wp\/v2\/media?parent=136"}],"curies":[{"name":"wp","href":"https:\/\/api.w.org\/{rel}","templated":true}]}}