   {"id":156,"date":"2024-02-20T09:58:01","date_gmt":"2024-02-20T08:58:01","guid":{"rendered":"https:\/\/rf.gov.pl\/akademia\/?page_id=156"},"modified":"2024-08-07T15:48:43","modified_gmt":"2024-08-07T13:48:43","slug":"dla-uczelni","status":"publish","type":"page","link":"https:\/\/rf.gov.pl\/akademia\/dla-uczelni\/","title":{"rendered":"Dla partner\u00f3w"},"content":{"rendered":"\n<p>Jeste\u015bmy otwarci na wsp\u00f3\u0142prac\u0119 z uczelniami, szko\u0142ami oraz organizacjami pozarz\u0105dowymi w zakresie organizacji praktyk studenckich, a tak\u017ce wsp\u00f3lnych projekt\u00f3w edukacyjnych i badawczych. <\/p>\n\n\n\n<p>Zach\u0119camy do kontaktu (<a href=\"mailto:akademia@rf.gov.pl\" target=\"_blank\" rel=\"noreferrer noopener\">akademia@rf.gov.pl<\/a>), a tak\u017ce \u015bledzenia naszych <a href=\"https:\/\/rf.gov.pl\/akademia\/edukacja\/\">dzia\u0142a\u0144 edukacyjnych<\/a>.<\/p>\n\n\n\n<p>Prosimy o kontakt przedstawicieli szk\u00f3\u0142 \u015brednich, zainteresowanych organizacj\u0105 lekcji z zakresu finans\u00f3w w naszej siedzibie.<\/p>\n\n\n\n<p>Zapraszamy te\u017c absolwentki i absolwent\u00f3w do udzia\u0142u w <a href=\"https:\/\/rf.gov.pl\/edukacja\/konkursy\/\">Konkursie o Nagrod\u0119 Rzecznika Finansowego<\/a>.<\/p>\n\n\n\n<p><\/p>\n\n\n\n<p><strong>Przyk\u0142adowe, wybrane dzia\u0142ania edukacyjne zrealizowane w pierwszym p\u00f3\u0142roczu 2024 roku wsp\u00f3lnie ze \u015brodowiskiem akademickim, koordynowane przez Departament Edukacji i Komunikacji:<\/strong><\/p>\n\n\n\n<p>\u2022 1-2 marca 2024 r.: Dni Rzecznika Finansowego na Uniwersytecie Marii Curie-Sk\u0142odowskiej, rozpoczynaj\u0105ce cykl spotka\u0144 edukacyjnych organizowanych na uczelniach we wsp\u00f3\u0142pracy z przedstawicielami Doradczego Komitetu Naukowego przy Rzeczniku Finansowym. Spotkania maj\u0105 na celu zwi\u0119kszanie \u015bwiadomo\u015bci finansowej spo\u0142ecze\u0144stwa;<br>\u2022 20 marca 2024 r.: Biuro Rzecznika wzi\u0119\u0142o udzia\u0142 w \u201eDniu Przedsi\u0119biorczo\u015bci\u201d, organizowanym we wsp\u00f3\u0142pracy z Fundacj\u0105 M\u0142odzie\u017cowej Przedsi\u0119biorczo\u015bci. Pracownicy BRF poprowadzili w biurze w Warszawie jednodniowe zaj\u0119cia (wyk\u0142ady i \u0107wiczenia) dla grupy licealist\u00f3w z podwarszawskich szk\u00f3\u0142. Podczas praktyk uczniowie poznali dzia\u0142alno\u015b\u0107 Rzecznika Finansowego;<br>\u2022 21-22 marca 2024 r.: na Wydziale Prawa i Administracji Uniwersytetu Gda\u0144skiego odby\u0142o si\u0119 kolejne wydarzenie z cyklu Dni Rzecznika Finansowego. Zesp\u00f3\u0142 Biura Rzecznika Finansowego we wsp\u00f3\u0142pracy z zespo\u0142em kierowanym przez cz\u0142onkini\u0119 Doradczego Komitetu Naukowego przy Rzeczniku Finansowym \u2013 dr hab. Dorot\u0119 Ma\u015bniak, prof. UG, przygotowa\u0142 seri\u0119 warsztat\u00f3w edukacyjnych i wyk\u0142ad\u00f3w, a ponadto wsp\u00f3\u0142organizowa\u0142 konferencj\u0119 naukow\u0105 dot. ochrony konsument\u00f3w;<br>\u2022 25-27 marca 2024 r.: akcje edukacyjne w ramach Dni Rzecznika Finansowego na Dolnym \u015al\u0105sku,  organizowane we wsp\u00f3\u0142pracy z Uniwersytetem Ekonomicznym we Wroc\u0142awiu \u2013 Fili\u0105 w Jeleniej G\u00f3rze. Spotkania obejmowa\u0142y warsztaty dla senior\u00f3w, student\u00f3w i uczni\u00f3w szk\u00f3\u0142 \u015brednich w kilku miejscowo\u015bciach. Ponadto, akcje edukacyjne na Dolnym \u015al\u0105sku obejmowa\u0142y tak\u017ce uczestnictwo przedstawicieli Biura Rzecznika Finansowego w II Olimpiadzie Wiedzy Konsumenckiej w Legnicy;<br>\u2022 18 kwietnia: Dzie\u0144 Rzecznika Finansowego na Wydziale Zamiejscowym w Bochni Staropolskiej Akademii Nauk Stosowanych w Kielcach. Pracownicy DEK mieli okazj\u0119 spotka\u0107 si\u0119 z m\u0142odzie\u017c\u0105 I Liceum Og\u00f3lnokszta\u0142c\u0105cego im. Kr\u00f3la Kazimierza Wielkiego oraz Zespo\u0142u Szk\u00f3\u0142 nr 3 oraz z osobami podejmuj\u0105cymi studia wy\u017csze. Poruszana tematyka obejmowa\u0142a rol\u0119 RF w systemie ochrony klienta podmiot\u00f3w rynku finansowego, dzia\u0142ania edukacyjne RF oraz cyfrowe finanse;<br>\u2022  15 maja: spotkanie z cyklu Dni Rzecznika Finansowego dla student\u00f3w Jagiello\u0144skiego Uniwersytetu Trzeciego Wieku w Krakowie. Pracownicy DEK przybli\u017cyli histori\u0119 powstania instytucji Rzecznika Finansowego, jej rol\u0119 w systemie ochrony praw konsumenta i formy pomocy, kt\u00f3re mo\u017cna uzyska\u0107, a tak\u017ce przedstawili podstawowe kwestie zwi\u0105zane z problematyk\u0105 nieautoryzowanych transakcji p\u0142atniczych i praktyczne porady, jak zabezpiecza\u0107 si\u0119 przed oszustwami. Spotkanie mia\u0142o form\u0119 hybrydow\u0105 i zgromadzi\u0142o liczne audytorium nie tylko na \u017cywo, ale i online;<br>\u2022 21 maja: Dzie\u0144 Rzecznika Finansowego na Politechnice Rzeszowskiej. Pracownicy DEK opowiedzieli o dzia\u0142aniach i instrumentach reakcji prawnej, w kt\u00f3re wyposa\u017cony jest Rzecznik Finansowy, jako organ stoj\u0105cy na stra\u017cy interes\u00f3w klient\u00f3w podmiot\u00f3w rynku finansowego oraz przybli\u017cyli przyk\u0142adowe sprawy, z kt\u00f3rymi klienci podmiot\u00f3w rynku finansowego mog\u0105 zwr\u00f3ci\u0107 si\u0119 o pomoc w rozwi\u0105zaniu do Rzecznika Finansowego.<br>\u2022  7 czerwca: spotkanie online dla student\u00f3w i pracownik\u00f3w Staropolskiej Akademii Nauk Stosowanych w Kielcach. Program zdalnego Dnia Rzecznika Finansowego obejmowa\u0142 prezentacj\u0119 mo\u017cliwo\u015bci pomocy, jakie oferuje Biuro Rzecznika Finansowego klientom podmiot\u00f3w rynku finansowego oraz inicjatyw edukacyjnych podejmowanych przez Biuro, a tak\u017ce specjalistyczn\u0105 prelekcj\u0119 po\u015bwi\u0119con\u0105 instytucji sankcji kredytu darmowego. <\/p>\n\n\n\n<div style=\"height:100px\" aria-hidden=\"true\" class=\"wp-block-spacer\"><\/div>\n","protected":false},"excerpt":{"rendered":"<p>Nasze dzia\u0142ania edukacyjne prowadzimy wsp\u00f3lnie z wieloma uczelniami i innymi partnerami. Jeste\u015bmy otwarci na nowe wymiary wsp\u00f3\u0142pracy.<\/p>\n","protected":false},"author":1,"featured_media":251,"parent":0,"menu_order":0,"comment_status":"closed","ping_status":"closed","template":"page-templates\/template-inner-page.php","meta":{"_acf_changed":false,"inline_featured_image":false,"footnotes":"","_links_to":"","_links_to_target":""},"class_list":["post-156","page","type-page","status-publish","has-post-thumbnail","hentry"],"acf":[],"_links":{"self":[{"href":"https:\/\/rf.gov.pl\/akademia\/wp-json\/wp\/v2\/pages\/156","targetHints":{"allow":["GET"]}}],"collection":[{"href":"https:\/\/rf.gov.pl\/akademia\/wp-json\/wp\/v2\/pages"}],"about":[{"href":"https:\/\/rf.gov.pl\/akademia\/wp-json\/wp\/v2\/types\/page"}],"author":[{"embeddable":true,"href":"https:\/\/rf.gov.pl\/akademia\/wp-json\/wp\/v2\/users\/1"}],"replies":[{"embeddable":true,"href":"https:\/\/rf.gov.pl\/akademia\/wp-json\/wp\/v2\/comments?post=156"}],"version-history":[{"count":13,"href":"https:\/\/rf.gov.pl\/akademia\/wp-json\/wp\/v2\/pages\/156\/revisions"}],"predecessor-version":[{"id":1345,"href":"https:\/\/rf.gov.pl\/akademia\/wp-json\/wp\/v2\/pages\/156\/revisions\/1345"}],"wp:featuredmedia":[{"embeddable":true,"href":"https:\/\/rf.gov.pl\/akademia\/wp-json\/wp\/v2\/media\/251"}],"wp:attachment":[{"href":"https:\/\/rf.gov.pl\/akademia\/wp-json\/wp\/v2\/media?parent=156"}],"curies":[{"name":"wp","href":"https:\/\/api.w.org\/{rel}","templated":true}]}}

Dla partnerów

<p>Jesteśmy otwarci na współpracę z uczelniami, szkołami oraz organizacjami pozarządowymi w zakresie organizacji praktyk studenckich, a także wspólnych projektów edukacyjnych i badawczych. </p>



<p>Zachęcamy do kontaktu (<a href="mailto:akademia@rf.gov.pl" target="_blank" rel="noreferrer noopener">akademia@rf.gov.pl</a>), a także śledzenia naszych <a href="https://rf.gov.pl/akademia/edukacja/">działań edukacyjnych</a>.</p>



<p>Prosimy o kontakt przedstawicieli szkół średnich, zainteresowanych organizacją lekcji z zakresu finansów w naszej siedzibie.</p>



<p>Zapraszamy też absolwentki i absolwentów do udziału w <a href="https://rf.gov.pl/edukacja/konkursy/">Konkursie o Nagrodę Rzecznika Finansowego</a>.</p>



<p></p>



<p><strong>Przykładowe, wybrane działania edukacyjne zrealizowane w pierwszym półroczu 2024 roku wspólnie ze środowiskiem akademickim, koordynowane przez Departament Edukacji i Komunikacji:</strong></p>



<p>• 1-2 marca 2024 r.: Dni Rzecznika Finansowego na Uniwersytecie Marii Curie-Skłodowskiej, rozpoczynające cykl spotkań edukacyjnych organizowanych na uczelniach we współpracy z przedstawicielami Doradczego Komitetu Naukowego przy Rzeczniku Finansowym. Spotkania mają na celu zwiększanie świadomości finansowej społeczeństwa;<br>• 20 marca 2024 r.: Biuro Rzecznika wzięło udział w „Dniu Przedsiębiorczości”, organizowanym we współpracy z Fundacją Młodzieżowej Przedsiębiorczości. Pracownicy BRF poprowadzili w biurze w Warszawie jednodniowe zajęcia (wykłady i ćwiczenia) dla grupy licealistów z podwarszawskich szkół. Podczas praktyk uczniowie poznali działalność Rzecznika Finansowego;<br>• 21-22 marca 2024 r.: na Wydziale Prawa i Administracji Uniwersytetu Gdańskiego odbyło się kolejne wydarzenie z cyklu Dni Rzecznika Finansowego. Zespół Biura Rzecznika Finansowego we współpracy z zespołem kierowanym przez członkinię Doradczego Komitetu Naukowego przy Rzeczniku Finansowym – dr hab. Dorotę Maśniak, prof. UG, przygotował serię warsztatów edukacyjnych i wykładów, a ponadto współorganizował konferencję naukową dot. ochrony konsumentów;<br>• 25-27 marca 2024 r.: akcje edukacyjne w ramach Dni Rzecznika Finansowego na Dolnym Śląsku,  organizowane we współpracy z Uniwersytetem Ekonomicznym we Wrocławiu – Filią w Jeleniej Górze. Spotkania obejmowały warsztaty dla seniorów, studentów i uczniów szkół średnich w kilku miejscowościach. Ponadto, akcje edukacyjne na Dolnym Śląsku obejmowały także uczestnictwo przedstawicieli Biura Rzecznika Finansowego w II Olimpiadzie Wiedzy Konsumenckiej w Legnicy;<br>• 18 kwietnia: Dzień Rzecznika Finansowego na Wydziale Zamiejscowym w Bochni Staropolskiej Akademii Nauk Stosowanych w Kielcach. Pracownicy DEK mieli okazję spotkać się z młodzieżą I Liceum Ogólnokształcącego im. Króla Kazimierza Wielkiego oraz Zespołu Szkół nr 3 oraz z osobami podejmującymi studia wyższe. Poruszana tematyka obejmowała rolę RF w systemie ochrony klienta podmiotów rynku finansowego, działania edukacyjne RF oraz cyfrowe finanse;<br>•  15 maja: spotkanie z cyklu Dni Rzecznika Finansowego dla studentów Jagiellońskiego Uniwersytetu Trzeciego Wieku w Krakowie. Pracownicy DEK przybliżyli historię powstania instytucji Rzecznika Finansowego, jej rolę w systemie ochrony praw konsumenta i formy pomocy, które można uzyskać, a także przedstawili podstawowe kwestie związane z problematyką nieautoryzowanych transakcji płatniczych i praktyczne porady, jak zabezpieczać się przed oszustwami. Spotkanie miało formę hybrydową i zgromadziło liczne audytorium nie tylko na żywo, ale i online;<br>• 21 maja: Dzień Rzecznika Finansowego na Politechnice Rzeszowskiej. Pracownicy DEK opowiedzieli o działaniach i instrumentach reakcji prawnej, w które wyposażony jest Rzecznik Finansowy, jako organ stojący na straży interesów klientów podmiotów rynku finansowego oraz przybliżyli przykładowe sprawy, z którymi klienci podmiotów rynku finansowego mogą zwrócić się o pomoc w rozwiązaniu do Rzecznika Finansowego.<br>•  7 czerwca: spotkanie online dla studentów i pracowników Staropolskiej Akademii Nauk Stosowanych w Kielcach. Program zdalnego Dnia Rzecznika Finansowego obejmował prezentację możliwości pomocy, jakie oferuje Biuro Rzecznika Finansowego klientom podmiotów rynku finansowego oraz inicjatyw edukacyjnych podejmowanych przez Biuro, a także specjalistyczną prelekcję poświęconą instytucji sankcji kredytu darmowego. </p>



<div style="height:100px" aria-hidden="true" class="wp-block-spacer"></div>

<p>Nasze działania edukacyjne prowadzimy wspólnie z wieloma uczelniami i innymi partnerami. Jesteśmy otwarci na nowe wymiary współpracy.</p>
