   {"id":101,"date":"2024-02-20T06:35:25","date_gmt":"2024-02-20T05:35:25","guid":{"rendered":"https:\/\/rf.gov.pl\/polubowne\/polityka-prywatnosci\/"},"modified":"2024-05-10T12:00:21","modified_gmt":"2024-05-10T10:00:21","slug":"polityka-prywatnosci","status":"publish","type":"page","link":"https:\/\/rf.gov.pl\/polubowne\/polityka-prywatnosci\/","title":{"rendered":"Polityka prywatno\u015bci"},"content":{"rendered":"\n<p>Administratorem Danych Osobowych jest Rzecznik Finansowy z siedzib\u0105 w Warszawie ul. Nowogrodzka 47A, 00-695 w Warszawie. Administrator wyznaczy\u0142 Inspektora Ochrony Danych, z kt\u00f3rym mo\u017cna kontaktowa\u0107 si\u0119 pisemnie pod adresem e-mail:&nbsp;<a href=\"mailto:iod@rf.gov.pl\" class=\"\">iod@rf.gov.pl<\/a><\/p>\n\n\n\n<p>Rzecznik Finansowy zbiera Twoje dane osobowe w konkretnych, wyra\u017anych i prawnie uzasadnionych celach realizacji ustawowych zada\u0144 okre\u015blonych m.in. w przepisach ustawy o rozpatrywaniu reklamacji przez podmioty rynku finansowego i o Rzeczniku Finansowym (art. 6 ust. 1 lit. c, lit. e i art. 9 ust. 2 lit. g RODO). Przetwarza Twoje dane zgodnie z prawem, rzetelnie i w spos\u00f3b przejrzysty. Ogranicza ilo\u015b\u0107 zbieranych danych osobowych do niezb\u0119dnych. Dok\u0142ada stara\u0144, \u017ceby Twoje dane by\u0142y prawid\u0142owe. Przechowuje Twoje dane osobowe w okresie nie d\u0142u\u017cszym ni\u017c niezb\u0119dny do realizacji cel\u00f3w. Zapewnia integralno\u015b\u0107 i poufno\u015b\u0107 Twoich danych. Nie przetwarza Twoich danych osobowych w spos\u00f3b zautomatyzowany.<\/p>\n\n\n\n<p>Ka\u017cdej osobie przys\u0142uguje prawo dost\u0119pu do danych osobowych, prawo \u017c\u0105dania sprostowania, prawo \u017c\u0105dania usuni\u0119cia, prawo \u017c\u0105dania ograniczenia przetwarzania jego danych osobowych. Osoba, kt\u00f3rej dane dotycz\u0105 ma prawo do sprzeciwu wobec przetwarzania danych ze wzgl\u0119du na szczeg\u00f3ln\u0105 sytuacj\u0119, je\u017celi jej dane s\u0105 przetwarzane w oparciu o np. art. 6 ust. 1 lit. e RODO. Ka\u017cdej osobie przys\u0142uguje r\u00f3wnie\u017c prawo do wniesienia skargi do Prezesa Urz\u0119du Ochrony Danych Osobowych.<\/p>\n\n\n\n<p>Od stycznia 2021 roku zmienili\u015bmy okresy przetwarzania niekt\u00f3rych danych osobowych. Nowe okresy przetwarzania obowi\u0105zuj\u0105 dla spraw, kt\u00f3re wp\u0142yn\u0119\u0142y do Rzecznika Finansowego w 2021 r. Z archiwalnymi okresami przechowywania mo\u017cesz zapozna\u0107 si\u0119&nbsp;poni\u017cej.<\/p>\n\n\n\n<p>Bardziej szczeg\u00f3\u0142owe informacje dotycz\u0105ce przetwarzania danych dost\u0119pne poni\u017cej.<\/p>\n\n\n\n\n\n<div class=\"\">\n\n  \n  <div class=\"download\">\n    <ul>\n      \n      <li\n        class=\"col-xxl-12 col-xl-12 col-lg-12 col-md-12 col-sm-12 main_sec \">\n        <a href=\"https:\/\/rf.gov.pl\/polubowne\/wp-content\/uploads\/sites\/3\/2024\/05\/Klauzule-informacyjne-rozpatrywanie-wnioskow-klientow-rynku-finansowego.pdf\" title=\"Je\u017celi skierowa\u0142e\u015b do nas swoj\u0105 spraw\u0119 zwi\u0105zan\u0105 z reklamacj\u0105 na dzia\u0142anie podmiot\u00f3w rynku finansowego.\" download> <img decoding=\"async\"\n            src=\"https:\/\/rf.gov.pl\/polubowne\/wp-content\/themes\/rfmain\/images\/download-file 1.svg\" alt=\"\">\n          <div class=\"disc\"> <strong>Je\u017celi skierowa\u0142e\u015b do nas swoj\u0105 spraw\u0119 zwi\u0105zan\u0105 z reklamacj\u0105 na dzia\u0142anie podmiot\u00f3w rynku finansowego. <\/strong> (PDF ,\n            0.33 MB)<\/div>\n        <\/a><\/li>\n\n      \n      \n\n      \n      <li\n        class=\"col-xxl-12 col-xl-12 col-lg-12 col-md-12 col-sm-12 main_sec \">\n        <a href=\"https:\/\/rf.gov.pl\/polubowne\/wp-content\/uploads\/sites\/3\/2024\/05\/Informacje-dotyczace-przetwarzania-danych-osob-reprezentujacych-podmioty-rynku-finansowego.pdf\" title=\"Je\u017celi reprezentujesz podmiot rynku ubezpieczeniowego, emerytalnego, bankowego lub finansowego.\" download> <img decoding=\"async\"\n            src=\"https:\/\/rf.gov.pl\/polubowne\/wp-content\/themes\/rfmain\/images\/download-file 1.svg\" alt=\"\">\n          <div class=\"disc\"> <strong>Je\u017celi reprezentujesz podmiot rynku ubezpieczeniowego, emerytalnego, bankowego lub finansowego. <\/strong> (PDF ,\n            0.34 MB)<\/div>\n        <\/a><\/li>\n\n      \n      \n\n      \n      <li\n        class=\"col-xxl-12 col-xl-12 col-lg-12 col-md-12 col-sm-12 main_sec \">\n        <a href=\"https:\/\/rf.gov.pl\/polubowne\/wp-content\/uploads\/sites\/3\/2024\/05\/Klauzula-informacyjna-wnioskodawcow-i-ich-pelnomocnikow-w-ramach-pozasadowego-rozstrzygania-sporow.pdf\" title=\"Je\u017celi jeste\u015b wnioskodawc\u0105 lub pe\u0142nomocnikiem i wyst\u0105pi\u0142e\u015b do Rzecznika Finansowego z wnioskiem o przeprowadzenie pozas\u0105dowego post\u0119powania w sprawie rozwi\u0105zania sporu lub w zwi\u0105zku z takim post\u0119powaniem.\" download> <img decoding=\"async\"\n            src=\"https:\/\/rf.gov.pl\/polubowne\/wp-content\/themes\/rfmain\/images\/download-file 1.svg\" alt=\"\">\n          <div class=\"disc\"> <strong>Je\u017celi jeste\u015b wnioskodawc\u0105 lub pe\u0142nomocnikiem i wyst\u0105pi\u0142e\u015b do Rzecznika Finansowego z wnioskiem o przeprowadzenie pozas\u0105dowego post\u0119powania w sprawie rozwi\u0105zania sporu lub w zwi\u0105zku z takim post\u0119powaniem. <\/strong> (PDF ,\n            0.29 MB)<\/div>\n        <\/a><\/li>\n\n      \n      \n\n      \n      <li\n        class=\"col-xxl-12 col-xl-12 col-lg-12 col-md-12 col-sm-12 main_sec \">\n        <a href=\"https:\/\/rf.gov.pl\/polubowne\/wp-content\/uploads\/sites\/3\/2024\/05\/Klauzula-dla-osob-rozpatryw.-sporow-pelnomocnicy-WRS.pdf\" title=\"Je\u017celi reprezentujesz podmiot, w tym podmiot rynku finansowego, bior\u0105cy udzia\u0142 w pozas\u0105dowym post\u0119powaniu w sprawie rozwi\u0105zania sporu lub wyst\u0105pi\u0142e\u015b do Rzecznika Finansowego w zwi\u0105zku z takim post\u0119powaniem.\" download> <img decoding=\"async\"\n            src=\"https:\/\/rf.gov.pl\/polubowne\/wp-content\/themes\/rfmain\/images\/download-file 1.svg\" alt=\"\">\n          <div class=\"disc\"> <strong>Je\u017celi reprezentujesz podmiot, w tym podmiot rynku finansowego, bior\u0105cy udzia\u0142 w pozas\u0105dowym post\u0119powaniu w sprawie rozwi\u0105zania sporu lub wyst\u0105pi\u0142e\u015b do Rzecznika Finansowego w zwi\u0105zku z takim post\u0119powaniem. <\/strong> (PDF ,\n            0.28 MB)<\/div>\n        <\/a><\/li>\n\n      \n      \n\n      \n      <li\n        class=\"col-xxl-12 col-xl-12 col-lg-12 col-md-12 col-sm-12 main_sec \">\n        <a href=\"https:\/\/rf.gov.pl\/polubowne\/wp-content\/uploads\/sites\/3\/2024\/05\/Klauzule-informacyjne-istotny-poglad-2023.pdf\" title=\"Je\u017celi sk\u0142adasz u Rzecznika Finansowego wniosek o istotny pogl\u0105d.\" download> <img decoding=\"async\"\n            src=\"https:\/\/rf.gov.pl\/polubowne\/wp-content\/themes\/rfmain\/images\/download-file 1.svg\" alt=\"\">\n          <div class=\"disc\"> <strong>Je\u017celi sk\u0142adasz u Rzecznika Finansowego wniosek o istotny pogl\u0105d. <\/strong> (PDF ,\n            0.31 MB)<\/div>\n        <\/a><\/li>\n\n      \n      \n\n      \n      <li\n        class=\"col-xxl-12 col-xl-12 col-lg-12 col-md-12 col-sm-12 main_sec \">\n        <a href=\"https:\/\/rf.gov.pl\/polubowne\/wp-content\/uploads\/sites\/3\/2024\/05\/Klauzula-dla-osob-skladaja-zapytania-za-posrednictem-maila.pdf\" title=\"Je\u017celi jeste\u015b wnioskodawc\u0105 lub pe\u0142nomocnikiem i z\u0142o\u017cy\u0142e\u015b zapytanie do RF w formie e-mailowej w zwi\u0105zku z udzieleniem informacji o dzia\u0142alno\u015bci ustawowej.\" download> <img decoding=\"async\"\n            src=\"https:\/\/rf.gov.pl\/polubowne\/wp-content\/themes\/rfmain\/images\/download-file 1.svg\" alt=\"\">\n          <div class=\"disc\"> <strong>Je\u017celi jeste\u015b wnioskodawc\u0105 lub pe\u0142nomocnikiem i z\u0142o\u017cy\u0142e\u015b zapytanie do RF w formie e-mailowej w zwi\u0105zku z udzieleniem informacji o dzia\u0142alno\u015bci ustawowej. <\/strong> (PDF ,\n            0.25 MB)<\/div>\n        <\/a><\/li>\n\n      \n      \n\n      \n      <li\n        class=\"col-xxl-12 col-xl-12 col-lg-12 col-md-12 col-sm-12 main_sec \">\n        <a href=\"https:\/\/rf.gov.pl\/polubowne\/wp-content\/uploads\/sites\/3\/2024\/05\/Klauzule-informacyjne-rekrutacja.pdf\" title=\"Je\u017celi bierzesz udzia\u0142 w rekrutacji.\" download> <img decoding=\"async\"\n            src=\"https:\/\/rf.gov.pl\/polubowne\/wp-content\/themes\/rfmain\/images\/download-file 1.svg\" alt=\"\">\n          <div class=\"disc\"> <strong>Je\u017celi bierzesz udzia\u0142 w rekrutacji. <\/strong> (PDF ,\n            0.18 MB)<\/div>\n        <\/a><\/li>\n\n      \n      \n\n      \n      <li\n        class=\"col-xxl-12 col-xl-12 col-lg-12 col-md-12 col-sm-12 main_sec \">\n        <a href=\"https:\/\/rf.gov.pl\/polubowne\/wp-content\/uploads\/sites\/3\/2024\/05\/Klauzule-informacyjne-staz_praktyki.pdf\" title=\"Je\u017celi chcesz odby\u0107 u nas praktyk\u0119 lub sta\u017c \" download> <img decoding=\"async\"\n            src=\"https:\/\/rf.gov.pl\/polubowne\/wp-content\/themes\/rfmain\/images\/download-file 1.svg\" alt=\"\">\n          <div class=\"disc\"> <strong>Je\u017celi chcesz odby\u0107 u nas praktyk\u0119 lub sta\u017c  <\/strong> (PDF ,\n            0.20 MB)<\/div>\n        <\/a><\/li>\n\n      \n      \n\n      \n      <li\n        class=\"col-xxl-12 col-xl-12 col-lg-12 col-md-12 col-sm-12 main_sec \">\n        <a href=\"https:\/\/rf.gov.pl\/polubowne\/wp-content\/uploads\/sites\/3\/2024\/05\/Klauzule-informacyjne-staz_praktyki_-opiekun.pdf\" title=\"Je\u017celi chcesz odby\u0107 u nas praktyk\u0119 lub sta\u017c (dokument dla opiekuna).\" download> <img decoding=\"async\"\n            src=\"https:\/\/rf.gov.pl\/polubowne\/wp-content\/themes\/rfmain\/images\/download-file 1.svg\" alt=\"\">\n          <div class=\"disc\"> <strong>Je\u017celi chcesz odby\u0107 u nas praktyk\u0119 lub sta\u017c (dokument dla opiekuna). <\/strong> (PDF ,\n            0.20 MB)<\/div>\n        <\/a><\/li>\n\n      \n      \n\n      \n      <li\n        class=\"col-xxl-12 col-xl-12 col-lg-12 col-md-12 col-sm-12 main_sec \">\n        <a href=\"https:\/\/rf.gov.pl\/polubowne\/wp-content\/uploads\/sites\/3\/2024\/05\/Klauzula-umowa_IOD.docx\" title=\"Je\u017celi zawar\u0142e\u015b z nami umow\u0119 jako kontrahent\/wykonawca.\" download> <img decoding=\"async\"\n            src=\"https:\/\/rf.gov.pl\/polubowne\/wp-content\/themes\/rfmain\/images\/download-file 1.svg\" alt=\"\">\n          <div class=\"disc\"> <strong>Je\u017celi zawar\u0142e\u015b z nami umow\u0119 jako kontrahent\/wykonawca. <\/strong> (DOCX ,\n            0.05 MB)<\/div>\n        <\/a><\/li>\n\n      \n      \n\n      \n      <li\n        class=\"col-xxl-12 col-xl-12 col-lg-12 col-md-12 col-sm-12 main_sec \">\n        <a href=\"https:\/\/rf.gov.pl\/polubowne\/wp-content\/uploads\/sites\/3\/2024\/05\/Klauzule-informacyjne-skarga_wniosek_petycja-2021-002.pdf\" title=\"Je\u017celi z\u0142o\u017cy\u0142e\u015b skarg\u0119, wniosek, petycj\u0119.\" download> <img decoding=\"async\"\n            src=\"https:\/\/rf.gov.pl\/polubowne\/wp-content\/themes\/rfmain\/images\/download-file 1.svg\" alt=\"\">\n          <div class=\"disc\"> <strong>Je\u017celi z\u0142o\u017cy\u0142e\u015b skarg\u0119, wniosek, petycj\u0119. <\/strong> (PDF ,\n            0.16 MB)<\/div>\n        <\/a><\/li>\n\n      \n      \n\n      \n      <li\n        class=\"col-xxl-12 col-xl-12 col-lg-12 col-md-12 col-sm-12 main_sec \">\n        <a href=\"https:\/\/rf.gov.pl\/polubowne\/wp-content\/uploads\/sites\/3\/2024\/05\/30042021Klauzule-informacyjne-newsletter20210430.pdf\" title=\"Je\u017celi zapisa\u0142e\u015b si\u0119 do newslettera.\" download> <img decoding=\"async\"\n            src=\"https:\/\/rf.gov.pl\/polubowne\/wp-content\/themes\/rfmain\/images\/download-file 1.svg\" alt=\"\">\n          <div class=\"disc\"> <strong>Je\u017celi zapisa\u0142e\u015b si\u0119 do newslettera. <\/strong> (PDF ,\n            0.17 MB)<\/div>\n        <\/a><\/li>\n\n      \n      \n\n      \n      <li\n        class=\"col-xxl-12 col-xl-12 col-lg-12 col-md-12 col-sm-12 main_sec \">\n        <a href=\"https:\/\/rf.gov.pl\/polubowne\/wp-content\/uploads\/sites\/3\/2024\/05\/Klauzule-informacyjne-patronat-2021-002.pdf\" title=\"Je\u017celi wnioskujesz o patronat.\" download> <img decoding=\"async\"\n            src=\"https:\/\/rf.gov.pl\/polubowne\/wp-content\/themes\/rfmain\/images\/download-file 1.svg\" alt=\"\">\n          <div class=\"disc\"> <strong>Je\u017celi wnioskujesz o patronat. <\/strong> (PDF ,\n            0.16 MB)<\/div>\n        <\/a><\/li>\n\n      \n      \n\n      \n      <li\n        class=\"col-xxl-12 col-xl-12 col-lg-12 col-md-12 col-sm-12 main_sec \">\n        <a href=\"https:\/\/rf.gov.pl\/polubowne\/wp-content\/uploads\/sites\/3\/2024\/05\/Klauzule-informacyjne-dzialania-edukacyjne-.pdf\" title=\"Informacje dotycz\u0105ce przetwarzania danych w ramach dzia\u0142a\u0144 edukacyjnych.\" download> <img decoding=\"async\"\n            src=\"https:\/\/rf.gov.pl\/polubowne\/wp-content\/themes\/rfmain\/images\/download-file 1.svg\" alt=\"\">\n          <div class=\"disc\"> <strong>Informacje dotycz\u0105ce przetwarzania danych w ramach dzia\u0142a\u0144 edukacyjnych. <\/strong> (PDF ,\n            0.32 MB)<\/div>\n        <\/a><\/li>\n\n      \n      \n\n      \n    <\/ul>\n  <\/div>\n\n<\/div>\n\n\n\n","protected":false},"excerpt":{"rendered":"<p>Administratorem Danych Osobowych jest Rzecznik Finansowy z siedzib\u0105 w Warszawie ul. Nowogrodzka 47A, 00-695 w Warszawie. Administrator wyznaczy\u0142 Inspektora Ochrony Danych, z kt\u00f3rym mo\u017cna kontaktowa\u0107 si\u0119 pisemnie pod adresem e-mail:&nbsp;iod@rf.gov.pl Rzecznik Finansowy zbiera Twoje dane osobowe w konkretnych, wyra\u017anych i prawnie uzasadnionych celach realizacji ustawowych zada\u0144 okre\u015blonych m.in. w przepisach ustawy o rozpatrywaniu reklamacji przez [&hellip;]<\/p>\n","protected":false},"author":1,"featured_media":0,"parent":0,"menu_order":0,"comment_status":"closed","ping_status":"closed","template":"page-templates\/template-inner-page.php","meta":{"_acf_changed":false,"inline_featured_image":false,"footnotes":"","_links_to":"","_links_to_target":""},"class_list":["post-101","page","type-page","status-publish","hentry"],"acf":[],"_links":{"self":[{"href":"https:\/\/rf.gov.pl\/polubowne\/wp-json\/wp\/v2\/pages\/101","targetHints":{"allow":["GET"]}}],"collection":[{"href":"https:\/\/rf.gov.pl\/polubowne\/wp-json\/wp\/v2\/pages"}],"about":[{"href":"https:\/\/rf.gov.pl\/polubowne\/wp-json\/wp\/v2\/types\/page"}],"author":[{"embeddable":true,"href":"https:\/\/rf.gov.pl\/polubowne\/wp-json\/wp\/v2\/users\/1"}],"replies":[{"embeddable":true,"href":"https:\/\/rf.gov.pl\/polubowne\/wp-json\/wp\/v2\/comments?post=101"}],"version-history":[{"count":2,"href":"https:\/\/rf.gov.pl\/polubowne\/wp-json\/wp\/v2\/pages\/101\/revisions"}],"predecessor-version":[{"id":1013,"href":"https:\/\/rf.gov.pl\/polubowne\/wp-json\/wp\/v2\/pages\/101\/revisions\/1013"}],"wp:attachment":[{"href":"https:\/\/rf.gov.pl\/polubowne\/wp-json\/wp\/v2\/media?parent=101"}],"curies":[{"name":"wp","href":"https:\/\/api.w.org\/{rel}","templated":true}]}}